
-4
Suppose 0 = 3*m - 2*z + 13, -m - z - 1 + 0 = 0. Let c(a) = -a**3 - 2*a**2 + 2*a - 4. Calculate c(m).
-1
Let p(z) = -z**2 - 5*z + 3. Let i(y) = -19*y**3 - 1. Let s be i(-1). Suppose 3*m = -3, -4*m + m - s = 3*u. Give p(u).
3
Let x(j) = -4*j**3 - 8*j**2 - j - 1. Let c(d) = 3*d**3 + 7*d**2 + 2*d. Let s(t) = -3*c(t) - 2*x(t). Let p be s(-4). Let z(r) = r**2 + r - 1. What is z(p)?
5
Suppose 2 - 4 = -z. Let a = -11 - -11. Let b(o) = 0*o - z + a + 4*o. Calculate b(2).
6
Suppose 5*p - p = -2*i, 0 = -4*p - i. Let a(t) = -t**3 + t**2 - t + 8. Calculate a(p).
8
Let b(n) be the first derivative of -2*n**2 - 1/3*n**3 + 4 + 8*n. Give b(-6).
-4
Let g(b) = -b**3 - 8*b**2 - 7*b + 8. Suppose n = 3*n - 3*p + 20, p = -4*n - 26. Determine g(n).
8
Let o(u) be the second derivative of -u**8/6720 - u**7/2520 + u**6/180 - u**5/120 - u**4/4 + 3*u. Let s(i) be the third derivative of o(i). Calculate s(-3).
5
Let c(b) = -b**2 + 3*b + 4. Let j(h) = -3*h - 10. Let n be j(-5). Calculate c(n).
-6
Let s(k) = -3*k**2 - 4*k - 2. Suppose 3*z - 6*b = -2*b + 38, -3*b = 2*z + 3. Suppose n = 4*n + z. What is s(n)?
-6
Let p(f) = -f. Let b(d) = 9*d. Let z(w) = -b(w) - 6*p(w). Let a(n) = -n**2 - 6*n - 5. Let y be a(-5). Suppose y = 4*m - 14 + 6. Calculate z(m).
-6
Suppose -y - 4*y + 349 = f, -2*y - 2*f = -138. Let z(x) = 2 + 0*x**2 - 70*x - x**2 + y*x. Give z(0).
2
Let r(i) = 2*i + 4. Let c = -38 + 42. What is r(c)?
12
Let g(y) = y**2 + 2. Let h(j) = j**2 - 6*j + 3. Let u be h(6). Let w be g(u). Suppose -2*d = 3 - w. Let x(n) = n - 5. Determine x(d).
-1
Let z(h) = h**3 - 2*h**2 - 8*h + 1. Let l be z(4). Let v(k) = -30*k**3 + 2*k**2 - 2*k + 1. Determine v(l).
-29
Let v(x) be the third derivative of -x**5/60 + x**4/24 - x**2. Suppose -s + 7 = 5*o, 0 = -o + 5*s - 0*s - 9. Let f be -1*o/2*0. Give v(f).
0
Let u(g) = 4 + 0*g - 3*g - 1 + 8*g. Determine u(-3).
-12
Suppose 5*x - 18 = x - 3*d, x = -4*d + 11. Let c(m) = -2*m + 0*m**2 - x + 2*m - 3*m - 2*m**2. Give c(-2).
-5
Suppose -3*f - 16 = -7*f. Let j(u) = -u + 198*u**2 - 196*u**2 + 1 - 5*u. What is j(f)?
9
Let d(i) = -2*i - 2. Let p be (1 + 0)*(7 + -10). What is d(p)?
4
Let n = 39 + -21. Suppose 7*k = 10*k - n. Let u(l) = l**2 - 6*l. Determine u(k).
0
Let o = -42 - -45. Let t(c) be the first derivative of 7*c**3/3 - 3*c**2/2 - 1. Let g(n) = 3*n**2 - 2*n. Let l(h) = o*t(h) - 5*g(h). Determine l(-1).
5
Let o(h) = -h**3 + 2*h**2 + 2*h - 3. Let d(w) = -w**2 - 5*w - 4. Suppose 1 + 8 = -3*i. Let j be d(i). Calculate o(j).
1
Let q(s) = 2*s**2 - s + 2. Let a(o) = o**2 + 3*o + 4. Let z be a(-4). Let u = 13 - z. Suppose -u*k = -2*k + 6. Calculate q(k).
12
Let n(a) = 5*a - 5. Let l(g) = 2*g - 3. Let d(m) = 7*l(m) - 4*n(m). Let i(j) = 6*j - 2. Let z be i(0). Calculate d(z).
11
Let c = -29 + 29. Let w(d) = -d - 3. Determine w(c).
-3
Let h(w) be the first derivative of -w**4/4 - w**3/3 - w**2 - w + 4. What is h(-2)?
7
Let t be (-16)/(-40)*5*1. Let w(q) = -q + 5*q**2 + 0*q**2 - t*q**2 + q**2. What is w(-1)?
5
Let g(p) be the first derivative of -p**3/3 + 5*p**2/2 + 7*p + 1. What is g(5)?
7
Let v(n) = 26*n**2 - 25*n**2 + 2 - 6 - 6*n + 7. Determine v(4).
-5
Let y be -8 + 5 - -2 - (1 - 4). Let u(h) be the third derivative of -1/20*h**5 + 0*h + 1/6*h**3 - 1/120*h**6 - 2*h**y + 1/8*h**4 + 0. What is u(-4)?
5
Suppose -5*j + 28 = 23. Let i(t) = 7*t**3 - t + 7. Suppose -6*w + 35 = -w. Let y(m) = -7*m**3 + m - 8. Let x(l) = w*i(l) + 6*y(l). Calculate x(j).
7
Let j = 4 - 0. Let p(s) = -5*s - s - s**3 + 2 + 7*s**2 - 2*s**2. Give p(j).
-6
Let l(o) = -7*o. Let g(h) = 3*h. Let f(t) = -5*g(t) - 2*l(t). Let w(i) = -2*i**3 - 73*i**2 - 37*i - 36. Let j be w(-36). Calculate f(j).
0
Let l(s) = 2*s - 4. Let p be 5/2*(-3 - -5). Determine l(p).
6
Suppose -9*o + 10 = -14*o. Let r(c) be the first derivative of -c**2 - 3*c + 1. Determine r(o).
1
Let d be 4*(-1 - ((-4)/8 + 0)). Let f(b) = b**3 - 3*b - 2. Calculate f(d).
-4
Let n = 3 - -1. Suppose n*h = -7 + 19. Let q(y) = 4*y**2 - 10*y - 1. Let u(o) = -2*o**2 + 5*o + 1. Let x(t) = -3*q(t) - 5*u(t). What is x(h)?
-5
Let s(n) be the third derivative of n**4/12 + n**3/6 + 16*n**2. Give s(5).
11
Let j(y) = -2*y**3 + 2*y**2 + 1. Let z(i) = i**3 - i**2 - 1. Suppose 0 = 2*v - 0 - 8. Let a(u) = v*j(u) + 7*z(u). Determine a(0).
-3
Let m be 9/7 + 2/(-7). Let i = 1 + m. Suppose -p + 3 = i*p. Let y(w) = 3*w**2 - 2*w + 1. Give y(p).
2
Let l(n) = 4*n**3 + 5*n**2 + 4*n + 7. Let k(c) = -3*c**3 - 4*c**2 - 3*c - 6. Let f(j) = 5*k(j) + 4*l(j). Suppose -3*w = 2*w. What is f(w)?
-2
Let z(o) = -8*o + 8. Let w(f) = 3*f + 3*f + 1 - 7*f. Let c(u) = -12*w(u) + 2*z(u). What is c(3)?
-8
Let k(l) be the second derivative of 0 + 3/2*l**2 - 1/6*l**3 + 2*l. Let h(i) = -i**3 + 5*i**2 + i. Let d be h(5). Determine k(d).
-2
Let f(k) be the second derivative of k**3/6 + k**2 - 7*k. What is f(-2)?
0
Let n be (2 - 0) + (-5 - -5). Suppose -7*f - 2*d = -3*f + 6, n*d = -f + 3. Let a(l) be the second derivative of -l**3/2 + 3*l**2/2 - 2*l. Give a(f).
12
Let k(c) = 4*c - 1. Let y be k(-1). Let d(h) = 35*h**3 + 2*h**2 + h + 1. Let b(v) = 76*v**3 + 5*v**2 + v + 2. Let u(l) = -6*b(l) + 13*d(l). What is u(y)?
-9
Suppose 5*a - 5*g = -35, -3*a - 5 = g + 4*g. Let r(b) be the first derivative of -1 - 2*b - 1/2*b**2. What is r(a)?
3
Let x(p) = -p**3 - 4*p**2 - 4*p. Let w be -4*(18/(-8))/(-3). Calculate x(w).
3
Let f(h) = -h**3 - 4*h**2 - 3*h - 1. Let l(o) = 10*o**2 - o + 1. Let p be l(1). Let n(g) = -g**2 + 11*g - 13. Let y be n(p). Determine f(y).
-1
Let l(g) = 3*g - 3. Suppose 4 = 4*r - 2*r. Suppose 0*k + 4 = r*k. Calculate l(k).
3
Let n(c) be the third derivative of -1/12*c**4 + 0*c + 0 - 1/120*c**5 - c**2 + 0*c**3 + 1/240*c**6. Let t(u) be the second derivative of n(u). Determine t(-2).
-7
Let m(i) = i**3 - i**2 - 4*i + 3. Let z(s) = 2 - 3 + s + 3*s**3 + 2 - 2*s. Let n be z(1). Let r be 6*(7/n - 2). Give m(r).
-1
Let q = 34 - 33. Let w(j) be the first derivative of -1/4*j**4 - 1/3*j**3 + 0*j**2 + 6*j + q. Determine w(0).
6
Let y(u) = 2*u**2 + 5*u + 5. Let v be y(-3). Let o(k) = -k + 14. Calculate o(v).
6
Let c(d) = -92*d + 5 + 2 + 89*d. Give c(5).
-8
Suppose -3*w + q + 2*q = -24, 4*q = -4*w. Suppose 0 = -4*s + w + 16. Let l(z) = z - 7 + 0 - 2. Determine l(s).
-4
Let b(i) = 15*i**3 - 7. Let l(y) = -y**3 + 1. Let t(m) = b(m) + 6*l(m). Suppose -2*a + 18 = -0*a. Suppose -3*g + 7 = -2*k, 2*g = -a*k + 4*k + 11. Give t(k).
8
Let m(t) = -t**2 - 1. Let p(s) = 4*s. Let a be p(1). Suppose j + a = 0, 3*l - 2*j = 7 + 7. Give m(l).
-5
Let c(i) = -i**3 + 20*i**2 + i - 23. Let p be c(20). Let w(m) be the first derivative of m**4/4 + 4*m**3/3 + m**2/2 - 4*m - 1. Give w(p).
2
Let j(n) = n + 11 - 9 - 10. Calculate j(6).
-2
Suppose 5 = -2*s + 7*s. Suppose 5*j + 8 = -t, 3*t + 4*j = -s - 1. Let x(o) = t*o + 3*o + o**2 + 2 + 3. Determine x(-4).
1
Let a(o) = -o + 19. Let u be a(0). Suppose 2 = 3*t - u. Let h = -12 + t. Let q(l) = -l**2 - 7*l - 5. Calculate q(h).
5
Let v(n) be the first derivative of n**3/3 + 3*n**2 - 8*n + 4. Determine v(-7).
-1
Let q = 6 + -10. Let c(k) = 3*k + 4*k**3 - 5*k**3 - 2*k**2 - 1 - k**2. Give c(q).
3
Let b be -2 + 1 - (1 - 0). Let i be (1/(-1) - b)*-1. Let s(w) = -2*w**2 + 4*w - 4. Let q(r) = -r + 1. Let u(l) = 12*q(l) + 3*s(l). Give u(i).
-6
Suppose w + 36 = 3*w. Suppose 2*n - w = -n. Let p(x) = -x**3 + 6*x**2 + 2*x - 5. Calculate p(n).
7
Suppose 2*i = 5*d - 2*d - 8, -3*d - 4 = i. Let g = 3 - 1. Let h(k) = -1 - g - 5 + k. Determine h(d).
-8
Suppose -a + 5 = q - 10, -3*a = -q + 11. Let w = q - 9. Let k(s) = -4*s**2 + 11*s + 16. Let r(l) = l**2 - 3*l - 4. Let h(i) = 2*k(i) + 9*r(i). Give h(w).
-4
Let q(d) be the third derivative of -d**5/60 - d**4/24 - 2*d**2. Suppose -3*i = -6*i - 3. Calculate q(i).
0
Suppose -3*p + 14 - 2 = 0. Let x(y) = -4 + 0 + 3*y - p*y. Let d be 136/(-24) + (-44)/(-12) + -3. What is x(d)?
1
Let t(s) = s + 4. Let v = -12 - -9. Let w be -3*10*v/18. Calculate t(w).
9
Let q(l) = 6*l**2 + 4*l - 2. Let o(w) = -5*w**2 - 4*w + 1. Let c(k) = -5*o(k) - 4*q(k). Determine c(-2).
-1
Let m(z) be the first derivative of z**3 + 3*z**2/2 - z + 12. Determine m(-3).
17
Let z(d) = d**3 - 4*d**2 + 3. Suppose -3*x + x = 3*n - 5, 0 = 3*n - 4*x - 17. What is z(n)?
-6
Let b(k) = -k**2 - 6*k - 4. Let r be b(-6). Let j be r/(-6)*135/(-30). Let t(a) = a**3 + 3*a**2 - a. Wh